9 and 391.
23
Calculate the highest common divisor of 200 and 360.
40
What is the greatest common divisor of 15 and 585?
15
What is the greatest common factor of 44 and 1408?
44
Calculate the greatest common factor of 726 and 6.
6
What is the highest common divisor of 55 and 187?
11
Calculate the greatest common factor of 93 and 1767.
93
What is the highest common divisor of 20 and 12?
4
What is the greatest common factor of 670 and 30?
10
What is the greatest common factor of 32 and 416?
32
What is the greatest common factor of 160 and 128?
32
Calculate the highest common divisor of 26887 and 14.
7
What is the greatest common factor of 5994 and 74?
74
What is the greatest common factor of 504 and 1800?
72
Calculate the greatest common factor of 4293 and 848.
53
Calculate the greatest common divisor of 104 and 117.
13
What is the highest common factor of 110 and 484?
22
Calculate the highest common factor of 120 and 6760.
40
Calculate the highest common divisor of 1088 and 832.
64
Calculate the highest common factor of 247 and 19.
19
Calculate the highest common factor of 1550 and 50.
50
What is the greatest common divisor of 246 and 3567?
123
What is the highest common divisor of 56290 and 130?
130
What is the greatest common factor of 2130 and 994?
142
What is the greatest common factor of 14 and 133?
7
What is the greatest common factor of 204 and 84?
12
What is the highest common divisor of 728 and 112?
56
What is the highest common factor of 4 and 64?
4
Calculate the highest common divisor of 98 and 392.
98
Calculate the highest common divisor of 162 and 6.
6
What is the greatest common factor of 1222 and 156?
26
What is the highest common divisor of 5 and 750?
5
What is the greatest common divisor of 396 and 108?
36
Calculate the highest common factor of 416 and 5512.
104
What is the greatest common factor of 65 and 4667?
13
What is the greatest common divisor of 69 and 828?
69
Calculate the greatest common divisor of 224 and 32.
32
Calculate the greatest common divisor of 174 and 290.
58
Calculate the highest common divisor of 1675 and 469.
67
Calculate the highest common factor of 63 and 6.
3
Calculate the highest common factor of 218 and 2943.
109
What is the highest common divisor of 135 and 4536?
27
Calculate the greatest common factor of 40 and 1504.
8
Calculate the highest common divisor of 1943 and 67.
67
What is the highest common factor of 96 and 9?
3
What is the greatest common divisor of 38 and 10?
2
Calculate the highest common factor of 79 and 869.
79
Calculate the greatest common factor of 3550 and 150.
50
What is the greatest common factor of 66 and 154?
22
Calculate the highest common factor of 10 and 16.
2
Calculate the highest common divisor of 297 and 66.
33
Calculate the greatest common factor of 40 and 15.
5
Calculate the highest common divisor of 1668 and 24.
12
Calculate the highest common factor of 27 and 513.
27
What is the highest common divisor of 14 and 7?
7
Calculate the greatest common divisor of 4355 and 325.
65
What is the highest common divisor of 56 and 3556?
28
Calculate the greatest common factor of 558 and 1368.
18
Calculate the greatest common divisor of 4970 and 426.
142
What is the greatest common factor of 1292 and 8075?
323
What is the greatest common factor of 24 and 384?
24
Calculate the highest common divisor of 126 and 30.
6
What is the greatest common factor of 230 and 6670?
230
What is the greatest common divisor of 6 and 636?
6
Calculate the highest common factor of 434 and 310.
62
Calculate the highest common factor of 12 and 54.
6
Calculate the greatest common divisor of 5 and 1055.
5
Calculate the highest common factor of 468 and 4329.
117
What is the greatest common factor of 963 and 428?
107
What is the greatest common factor of 3071 and 83?
83
Calculate the greatest common factor of 234 and 689.
13
What is the greatest common factor of 192 and 1440?
96
Calculate the greatest common divisor of 12337 and 365.
73
Calculate the greatest common factor of 297 and 11.
11
What is the greatest common divisor of 265 and 5?
5
Calculate the greatest common factor of 2442 and 1998.
222
Calculate the highest common divisor of 116 and 319.
29
What is the greatest common divisor of 208 and 39208?
104
What is the greatest common factor of 16996 and 28?
28
What is the highest common factor of 6034 and 28?
14
What is the greatest common divisor of 129 and 21?
3
Calculate the greatest common divisor of 261 and 29.
29
What is the greatest common factor of 589 and 399?
19
Calculate the greatest common factor of 4 and 9532.
4
What is the highest common factor of 32 and 92?
4
What is the greatest common factor of 1560 and 16?
8
What is the greatest common divisor of 3564 and 924?
132
What is the greatest common factor of 372 and 496?
124
Calculate the highest common factor of 4250 and 34.
34
What is the greatest common divisor of 42 and 3738?
42
What is the highest common divisor of 210 and 1848?
42
What is the highest common factor of 451 and 287?
41
What is the greatest common divisor of 300 and 180?
60
Calculate the greatest common factor of 992 and 1612.
124
Calculate the highest common factor of 8 and 64.
8
Calculate the greatest common factor of 154 and 28.
14
Calculate the greatest common divisor of 72 and 54.
18
Calculate the highest common divisor of 210 and 60.
30
What is the greatest common divisor of 69 and 92?
23
Calculate the greatest common divisor of 961 and 62.
31
Calculate the highest common divisor of 28 and 301.
7
Calculate the greatest common factor of 2475 and 44.
11
What is the highest common factor of 5 and 12715?
5
Calculate the greatest common factor of 2881 and 258.
43
What is the highest common factor of 1900 and 60?
20
Calculate the highest common factor of 20 and 8.
4
Calculate the greatest common divisor of 34 and 459.
17
Calculate the highest common divisor of 63393 and 11.
11
What is the greatest common divisor of 6523 and 22?
11
Calculate the highest common factor of 1751 and 272.
17
What is the greatest common factor of 162 and 36?
18
Calculate the highest common factor of 135 and 25.
5
What is the greatest common factor of 12 and 9?
3
Calculate the greatest common divisor of 17171 and 231.
77
Calculate the greatest common divisor of 912 and 1482.
114
What is the highest common divisor of 15 and 141?
3
What is the highest common divisor of 6 and 62?
2
Calculate the highest common divisor of 805 and 70.
35
Calculate the greatest common divisor of 68 and 6052.
68
Calculate the greatest common factor of 56 and 1358.
14
What is the greatest common divisor of 2664 and 555?
111
Calculate the highest common divisor of 294 and 105.
21
Calculate the greatest common divisor of 1152 and 2088.
72
What is the greatest common factor of 126 and 84?
42
What is the greatest common divisor of 700 and 450?
50
Calculate the highest common factor of 98 and 42.
14
What is the highest common factor of 30 and 66?
6
What is the highest common factor of 48 and 208?
16
What is the highest common divisor of 36 and 630?
18
Calculate the greatest common divisor of 8 and 46.
2
What is the highest common factor of 551 and 29?
29
Calculate the highest common divisor of 2300 and 828.
92
What is the greatest common factor of 924 and 264?
132
Calculate the highest common factor of 176 and 55.
11
What is the highest common divisor of 1443 and 104?
13
What is the greatest common factor of 154 and 66?
22
Calculate the highest common divisor of 15 and 21495.
15
Calculate the highest common factor of 5 and 101.
1
What is the highest common divisor of 1323 and 63?
63
Calculate the highest common factor of 11259 and 278.
139
What is the highest common factor of 60 and 528?
12
What is the greatest common factor of 96 and 1812?
12
What is the highest common factor of 3 and 27?
3
Calculate the greatest common divisor of 330 and 42.
6
What is the highest common factor of 18 and 5463?
9
What is the highest common factor of 7821 and 198?
99
What is the greatest common factor of 396 and 44?
44
Calculate the greatest common factor of 33075 and 75.
75
Calculate the highest common divisor of 190 and 741.
19
Calculate the greatest common divisor of 11 and 1661.
11
What is the highest common divisor of 406 and 476?
14
Wh